{"id":676,"date":"2020-02-13T11:44:15","date_gmt":"2020-02-13T10:44:15","guid":{"rendered":"https:\/\/abramsmuehle.de\/?page_id=676"},"modified":"2024-12-22T14:05:50","modified_gmt":"2024-12-22T13:05:50","slug":"team-abrams-muehle","status":"publish","type":"page","link":"https:\/\/abramsmuehle.de\/?page_id=676","title":{"rendered":"Team Abrams M\u00fchle"},"content":{"rendered":"\n<p class=\"has-text-align-center\">Wir sind das Abrams M\u00fchle Team. Vom Taubenz\u00fcchter \u00fcber Ern\u00e4hrungsberater und Pferdebesitzer alles dabei. (Keine Sorge, alle sind vom Fach und wissen meisten\u00b4s wovon sie sprechen&#8230;)<\/p>\n\n\n\n<p class=\"has-text-align-center\">Wir helfen gerne und werden Euch nach bestem Wissen und Gewissen beraten, anleiten und Auskunft erteilen \u00fcber fast alles was ihr wissen wollt!<\/p>\n\n\n\n<p class=\"has-text-align-center\">Sprecht uns einfach an!<\/p>\n\n\n\n<p class=\"has-text-align-center\">Gerne auch per WhatsApp: 0157\/38308381<\/p>\n\n\n\n<p><\/p>\n\n\n\n<div class=\"wp-block-group alignwide\"><div class=\"wp-block-group__inner-container is-layout-constrained wp-block-group-is-layout-constrained\">\n<figure class=\"wp-block-gallery alignwide has-nested-images columns-default is-cropped wp-block-gallery-1 is-layout-flex wp-block-gallery-is-layout-flex\">\n<figure class=\"wp-block-image size-large\"><img data-recalc-dims=\"1\" loading=\"lazy\" decoding=\"async\" width=\"750\" height=\"750\" data-attachment-id=\"1714\" data-permalink=\"https:\/\/abramsmuehle.de\/?attachment_id=1714\" data-orig-file=\"https:\/\/i0.wp.com\/abramsmuehle.de\/wp-content\/uploads\/2023\/03\/IMG_0546-edited.jpg?fit=758%2C758&amp;ssl=1\" data-orig-size=\"758,758\" data-comments-opened=\"1\" data-image-meta=\"{&quot;aperture&quot;:&quot;0&quot;,&quot;credit&quot;:&quot;&quot;,&quot;camera&quot;:&quot;&quot;,&quot;caption&quot;:&quot;&quot;,&quot;created_timestamp&quot;:&quot;1583151800&quot;,&quot;copyright&quot;:&quot;&quot;,&quot;focal_length&quot;:&quot;0&quot;,&quot;iso&quot;:&quot;0&quot;,&quot;shutter_speed&quot;:&quot;0&quot;,&quot;title&quot;:&quot;&quot;,&quot;orientation&quot;:&quot;1&quot;}\" data-image-title=\"IMG_0546\" data-image-description=\"\" data-image-caption=\"&lt;p&gt;PETRA -Chef- Pferdesport\/ Lebensmittel\/Garten&lt;\/p&gt;\n\" data-medium-file=\"https:\/\/i0.wp.com\/abramsmuehle.de\/wp-content\/uploads\/2023\/03\/IMG_0546-edited.jpg?fit=300%2C300&amp;ssl=1\" data-large-file=\"https:\/\/i0.wp.com\/abramsmuehle.de\/wp-content\/uploads\/2023\/03\/IMG_0546-edited.jpg?fit=750%2C750&amp;ssl=1\" data-id=\"1714\" src=\"https:\/\/i0.wp.com\/abramsmuehle.de\/wp-content\/uploads\/2023\/03\/IMG_0546-edited.jpg?resize=750%2C750&#038;ssl=1\" alt=\"\" class=\"wp-image-1714\" srcset=\"https:\/\/i0.wp.com\/abramsmuehle.de\/wp-content\/uploads\/2023\/03\/IMG_0546-edited.jpg?w=758&amp;ssl=1 758w, https:\/\/i0.wp.com\/abramsmuehle.de\/wp-content\/uploads\/2023\/03\/IMG_0546-edited.jpg?resize=300%2C300&amp;ssl=1 300w, https:\/\/i0.wp.com\/abramsmuehle.de\/wp-content\/uploads\/2023\/03\/IMG_0546-edited.jpg?resize=150%2C150&amp;ssl=1 150w, https:\/\/i0.wp.com\/abramsmuehle.de\/wp-content\/uploads\/2023\/03\/IMG_0546-edited.jpg?resize=400%2C400&amp;ssl=1 400w, https:\/\/i0.wp.com\/abramsmuehle.de\/wp-content\/uploads\/2023\/03\/IMG_0546-edited.jpg?resize=200%2C200&amp;ssl=1 200w\" sizes=\"auto, (max-width: 750px) 100vw, 750px\" \/><figcaption class=\"wp-element-caption\">PETRA -Chef- Pferdesport\/ Lebensmittel\/Garten<\/figcaption><\/figure>\n\n\n\n<figure class=\"wp-block-image size-full\"><img data-recalc-dims=\"1\" loading=\"lazy\" decoding=\"async\" width=\"750\" height=\"909\" data-attachment-id=\"951\" data-permalink=\"https:\/\/abramsmuehle.de\/?attachment_id=951\" data-orig-file=\"https:\/\/i0.wp.com\/abramsmuehle.de\/wp-content\/uploads\/2020\/03\/IMG_0552.jpg?fit=792%2C960&amp;ssl=1\" data-orig-size=\"792,960\" data-comments-opened=\"1\" data-image-meta=\"{&quot;aperture&quot;:&quot;0&quot;,&quot;credit&quot;:&quot;&quot;,&quot;camera&quot;:&quot;&quot;,&quot;caption&quot;:&quot;&quot;,&quot;created_timestamp&quot;:&quot;1583152191&quot;,&quot;copyright&quot;:&quot;&quot;,&quot;focal_length&quot;:&quot;0&quot;,&quot;iso&quot;:&quot;0&quot;,&quot;shutter_speed&quot;:&quot;0&quot;,&quot;title&quot;:&quot;&quot;,&quot;orientation&quot;:&quot;1&quot;}\" data-image-title=\"IMG_0552\" data-image-description=\"\" data-image-caption=\"&lt;p&gt;MARIA -2. Chef- Hund Katze Maus\/ Hofladen\/Garten&lt;\/p&gt;\n\" data-medium-file=\"https:\/\/i0.wp.com\/abramsmuehle.de\/wp-content\/uploads\/2020\/03\/IMG_0552.jpg?fit=248%2C300&amp;ssl=1\" data-large-file=\"https:\/\/i0.wp.com\/abramsmuehle.de\/wp-content\/uploads\/2020\/03\/IMG_0552.jpg?fit=750%2C909&amp;ssl=1\" data-id=\"951\" src=\"https:\/\/i0.wp.com\/abramsmuehle.de\/wp-content\/uploads\/2020\/03\/IMG_0552.jpg?resize=750%2C909&#038;ssl=1\" alt=\"\" class=\"wp-image-951\" srcset=\"https:\/\/i0.wp.com\/abramsmuehle.de\/wp-content\/uploads\/2020\/03\/IMG_0552.jpg?w=792&amp;ssl=1 792w, https:\/\/i0.wp.com\/abramsmuehle.de\/wp-content\/uploads\/2020\/03\/IMG_0552.jpg?resize=248%2C300&amp;ssl=1 248w, https:\/\/i0.wp.com\/abramsmuehle.de\/wp-content\/uploads\/2020\/03\/IMG_0552.jpg?resize=768%2C931&amp;ssl=1 768w\" sizes=\"auto, (max-width: 750px) 100vw, 750px\" \/><figcaption class=\"wp-element-caption\">MARIA -2. Chef- Hund Katze Maus\/ Hofladen\/Garten<\/figcaption><\/figure>\n\n\n\n<figure class=\"wp-block-image size-large\"><img data-recalc-dims=\"1\" loading=\"lazy\" decoding=\"async\" width=\"480\" height=\"640\" data-attachment-id=\"1599\" data-permalink=\"https:\/\/abramsmuehle.de\/?attachment_id=1599\" data-orig-file=\"https:\/\/i0.wp.com\/abramsmuehle.de\/wp-content\/uploads\/2023\/03\/Team-Seite-2-Michaela.png?fit=480%2C640&amp;ssl=1\" data-orig-size=\"480,640\" data-comments-opened=\"1\" data-image-meta=\"{&quot;aperture&quot;:&quot;0&quot;,&quot;credit&quot;:&quot;&quot;,&quot;camera&quot;:&quot;&quot;,&quot;caption&quot;:&quot;&quot;,&quot;created_timestamp&quot;:&quot;0&quot;,&quot;copyright&quot;:&quot;&quot;,&quot;focal_length&quot;:&quot;0&quot;,&quot;iso&quot;:&quot;0&quot;,&quot;shutter_speed&quot;:&quot;0&quot;,&quot;title&quot;:&quot;&quot;,&quot;orientation&quot;:&quot;0&quot;}\" data-image-title=\"Team-Seite-2-Michaela\" data-image-description=\"\" data-image-caption=\"&lt;p&gt;MICHAELA&lt;br \/&gt;\nHund Katze Maus (Ern\u00e4hrung)\/Garten\/Wildtiere&lt;\/p&gt;\n\" data-medium-file=\"https:\/\/i0.wp.com\/abramsmuehle.de\/wp-content\/uploads\/2023\/03\/Team-Seite-2-Michaela.png?fit=225%2C300&amp;ssl=1\" data-large-file=\"https:\/\/i0.wp.com\/abramsmuehle.de\/wp-content\/uploads\/2023\/03\/Team-Seite-2-Michaela.png?fit=480%2C640&amp;ssl=1\" data-id=\"1599\" src=\"https:\/\/i0.wp.com\/abramsmuehle.de\/wp-content\/uploads\/2023\/03\/Team-Seite-2-Michaela.png?resize=480%2C640&#038;ssl=1\" alt=\"\" class=\"wp-image-1599\" srcset=\"https:\/\/i0.wp.com\/abramsmuehle.de\/wp-content\/uploads\/2023\/03\/Team-Seite-2-Michaela.png?w=480&amp;ssl=1 480w, https:\/\/i0.wp.com\/abramsmuehle.de\/wp-content\/uploads\/2023\/03\/Team-Seite-2-Michaela.png?resize=225%2C300&amp;ssl=1 225w, https:\/\/i0.wp.com\/abramsmuehle.de\/wp-content\/uploads\/2023\/03\/Team-Seite-2-Michaela.png?resize=300%2C400&amp;ssl=1 300w, https:\/\/i0.wp.com\/abramsmuehle.de\/wp-content\/uploads\/2023\/03\/Team-Seite-2-Michaela.png?resize=150%2C200&amp;ssl=1 150w\" sizes=\"auto, (max-width: 480px) 100vw, 480px\" \/><figcaption class=\"wp-element-caption\">MICHAELA  Hund Katze Maus (Ern\u00e4hrung)\/Garten\/Angeln<\/figcaption><\/figure>\n\n\n\n<figure class=\"wp-block-image size-full\"><img data-recalc-dims=\"1\" loading=\"lazy\" decoding=\"async\" width=\"746\" height=\"960\" data-attachment-id=\"972\" data-permalink=\"https:\/\/abramsmuehle.de\/?attachment_id=972\" data-orig-file=\"https:\/\/i0.wp.com\/abramsmuehle.de\/wp-content\/uploads\/2020\/03\/IMG_0582.jpg?fit=746%2C960&amp;ssl=1\" data-orig-size=\"746,960\" data-comments-opened=\"1\" data-image-meta=\"{&quot;aperture&quot;:&quot;0&quot;,&quot;credit&quot;:&quot;&quot;,&quot;camera&quot;:&quot;&quot;,&quot;caption&quot;:&quot;&quot;,&quot;created_timestamp&quot;:&quot;1583319297&quot;,&quot;copyright&quot;:&quot;&quot;,&quot;focal_length&quot;:&quot;0&quot;,&quot;iso&quot;:&quot;0&quot;,&quot;shutter_speed&quot;:&quot;0&quot;,&quot;title&quot;:&quot;&quot;,&quot;orientation&quot;:&quot;1&quot;}\" data-image-title=\"IMG_0582\" data-image-description=\"\" data-image-caption=\"&lt;p&gt;SANDRA&lt;br \/&gt;\nDeko\/Basteln\/Angeln&lt;\/p&gt;\n\" data-medium-file=\"https:\/\/i0.wp.com\/abramsmuehle.de\/wp-content\/uploads\/2020\/03\/IMG_0582.jpg?fit=233%2C300&amp;ssl=1\" data-large-file=\"https:\/\/i0.wp.com\/abramsmuehle.de\/wp-content\/uploads\/2020\/03\/IMG_0582.jpg?fit=746%2C960&amp;ssl=1\" data-id=\"972\" src=\"https:\/\/i0.wp.com\/abramsmuehle.de\/wp-content\/uploads\/2020\/03\/IMG_0582.jpg?resize=746%2C960&#038;ssl=1\" alt=\"\" class=\"wp-image-972\" srcset=\"https:\/\/i0.wp.com\/abramsmuehle.de\/wp-content\/uploads\/2020\/03\/IMG_0582.jpg?w=746&amp;ssl=1 746w, https:\/\/i0.wp.com\/abramsmuehle.de\/wp-content\/uploads\/2020\/03\/IMG_0582.jpg?resize=233%2C300&amp;ssl=1 233w\" sizes=\"auto, (max-width: 746px) 100vw, 746px\" \/><figcaption class=\"wp-element-caption\">SANDRA \nDeko\/Basteln\/Angeln<\/figcaption><\/figure>\n\n\n\n<figure class=\"wp-block-image size-full\"><img data-recalc-dims=\"1\" loading=\"lazy\" decoding=\"async\" width=\"722\" height=\"960\" data-attachment-id=\"911\" data-permalink=\"https:\/\/abramsmuehle.de\/?attachment_id=911\" data-orig-file=\"https:\/\/i0.wp.com\/abramsmuehle.de\/wp-content\/uploads\/2020\/02\/Image-1-19-2.jpg?fit=722%2C960&amp;ssl=1\" data-orig-size=\"722,960\" data-comments-opened=\"1\" data-image-meta=\"{&quot;aperture&quot;:&quot;0&quot;,&quot;credit&quot;:&quot;&quot;,&quot;camera&quot;:&quot;&quot;,&quot;caption&quot;:&quot;&quot;,&quot;created_timestamp&quot;:&quot;0&quot;,&quot;copyright&quot;:&quot;&quot;,&quot;focal_length&quot;:&quot;0&quot;,&quot;iso&quot;:&quot;0&quot;,&quot;shutter_speed&quot;:&quot;0&quot;,&quot;title&quot;:&quot;&quot;,&quot;orientation&quot;:&quot;1&quot;}\" data-image-title=\"Image-1-19-2\" data-image-description=\"\" data-image-caption=\"&lt;p&gt;PETRA&lt;br \/&gt;\nDeko\/Basteln\/Pferdesport&lt;\/p&gt;\n\" data-medium-file=\"https:\/\/i0.wp.com\/abramsmuehle.de\/wp-content\/uploads\/2020\/02\/Image-1-19-2.jpg?fit=226%2C300&amp;ssl=1\" data-large-file=\"https:\/\/i0.wp.com\/abramsmuehle.de\/wp-content\/uploads\/2020\/02\/Image-1-19-2.jpg?fit=722%2C960&amp;ssl=1\" data-id=\"911\" src=\"https:\/\/i0.wp.com\/abramsmuehle.de\/wp-content\/uploads\/2020\/02\/Image-1-19-2.jpg?resize=722%2C960&#038;ssl=1\" alt=\"\" class=\"wp-image-911\" srcset=\"https:\/\/i0.wp.com\/abramsmuehle.de\/wp-content\/uploads\/2020\/02\/Image-1-19-2.jpg?w=722&amp;ssl=1 722w, https:\/\/i0.wp.com\/abramsmuehle.de\/wp-content\/uploads\/2020\/02\/Image-1-19-2.jpg?resize=226%2C300&amp;ssl=1 226w, https:\/\/i0.wp.com\/abramsmuehle.de\/wp-content\/uploads\/2020\/02\/Image-1-19-2.jpg?resize=300%2C400&amp;ssl=1 300w, https:\/\/i0.wp.com\/abramsmuehle.de\/wp-content\/uploads\/2020\/02\/Image-1-19-2.jpg?resize=150%2C200&amp;ssl=1 150w\" sizes=\"auto, (max-width: 722px) 100vw, 722px\" \/><figcaption class=\"wp-element-caption\">PETRA \nDeko\/Basteln\/Pferdesport<\/figcaption><\/figure>\n\n\n\n<figure class=\"wp-block-image size-full\"><img data-recalc-dims=\"1\" loading=\"lazy\" decoding=\"async\" width=\"750\" height=\"900\" data-attachment-id=\"1254\" data-permalink=\"https:\/\/abramsmuehle.de\/?attachment_id=1254\" data-orig-file=\"https:\/\/i0.wp.com\/abramsmuehle.de\/wp-content\/uploads\/2021\/11\/DCA99CC1-9EE2-47D4-9D99-0271DBC4D81E-2.png?fit=800%2C960&amp;ssl=1\" data-orig-size=\"800,960\" data-comments-opened=\"1\" data-image-meta=\"{&quot;aperture&quot;:&quot;0&quot;,&quot;credit&quot;:&quot;&quot;,&quot;camera&quot;:&quot;&quot;,&quot;caption&quot;:&quot;&quot;,&quot;created_timestamp&quot;:&quot;0&quot;,&quot;copyright&quot;:&quot;&quot;,&quot;focal_length&quot;:&quot;0&quot;,&quot;iso&quot;:&quot;0&quot;,&quot;shutter_speed&quot;:&quot;0&quot;,&quot;title&quot;:&quot;&quot;,&quot;orientation&quot;:&quot;0&quot;}\" data-image-title=\"DCA99CC1-9EE2-47D4-9D99-0271DBC4D81E-2\" data-image-description=\"\" data-image-caption=\"&lt;p&gt;MIKE&lt;br \/&gt;\nNutztier\/Garten\/Wildtier&lt;\/p&gt;\n\" data-medium-file=\"https:\/\/i0.wp.com\/abramsmuehle.de\/wp-content\/uploads\/2021\/11\/DCA99CC1-9EE2-47D4-9D99-0271DBC4D81E-2.png?fit=250%2C300&amp;ssl=1\" data-large-file=\"https:\/\/i0.wp.com\/abramsmuehle.de\/wp-content\/uploads\/2021\/11\/DCA99CC1-9EE2-47D4-9D99-0271DBC4D81E-2.png?fit=750%2C900&amp;ssl=1\" data-id=\"1254\" src=\"https:\/\/i0.wp.com\/abramsmuehle.de\/wp-content\/uploads\/2021\/11\/DCA99CC1-9EE2-47D4-9D99-0271DBC4D81E-2.png?resize=750%2C900&#038;ssl=1\" alt=\"\" class=\"wp-image-1254\" srcset=\"https:\/\/i0.wp.com\/abramsmuehle.de\/wp-content\/uploads\/2021\/11\/DCA99CC1-9EE2-47D4-9D99-0271DBC4D81E-2.png?w=800&amp;ssl=1 800w, https:\/\/i0.wp.com\/abramsmuehle.de\/wp-content\/uploads\/2021\/11\/DCA99CC1-9EE2-47D4-9D99-0271DBC4D81E-2.png?resize=250%2C300&amp;ssl=1 250w, https:\/\/i0.wp.com\/abramsmuehle.de\/wp-content\/uploads\/2021\/11\/DCA99CC1-9EE2-47D4-9D99-0271DBC4D81E-2.png?resize=768%2C922&amp;ssl=1 768w\" sizes=\"auto, (max-width: 750px) 100vw, 750px\" \/><figcaption class=\"wp-element-caption\">MAIK Nutztier\/Garten\/Wildtier<\/figcaption><\/figure>\n\n\n\n<figure class=\"wp-block-image size-full\"><img data-recalc-dims=\"1\" loading=\"lazy\" decoding=\"async\" width=\"722\" height=\"960\" data-attachment-id=\"919\" data-permalink=\"https:\/\/abramsmuehle.de\/?attachment_id=919\" data-orig-file=\"https:\/\/i0.wp.com\/abramsmuehle.de\/wp-content\/uploads\/2020\/02\/Image-1-16-2.jpg?fit=722%2C960&amp;ssl=1\" data-orig-size=\"722,960\" data-comments-opened=\"1\" data-image-meta=\"{&quot;aperture&quot;:&quot;0&quot;,&quot;credit&quot;:&quot;&quot;,&quot;camera&quot;:&quot;&quot;,&quot;caption&quot;:&quot;&quot;,&quot;created_timestamp&quot;:&quot;0&quot;,&quot;copyright&quot;:&quot;&quot;,&quot;focal_length&quot;:&quot;0&quot;,&quot;iso&quot;:&quot;0&quot;,&quot;shutter_speed&quot;:&quot;0&quot;,&quot;title&quot;:&quot;&quot;,&quot;orientation&quot;:&quot;1&quot;}\" data-image-title=\"Image-1-16-2\" data-image-description=\"\" data-image-caption=\"&lt;p&gt;FRANZ &lt;\/p&gt;\n&lt;p&gt;Nutztier\/Service&lt;\/p&gt;\n\" data-medium-file=\"https:\/\/i0.wp.com\/abramsmuehle.de\/wp-content\/uploads\/2020\/02\/Image-1-16-2.jpg?fit=226%2C300&amp;ssl=1\" data-large-file=\"https:\/\/i0.wp.com\/abramsmuehle.de\/wp-content\/uploads\/2020\/02\/Image-1-16-2.jpg?fit=722%2C960&amp;ssl=1\" data-id=\"919\" src=\"https:\/\/i0.wp.com\/abramsmuehle.de\/wp-content\/uploads\/2020\/02\/Image-1-16-2.jpg?resize=722%2C960&#038;ssl=1\" alt=\"\" class=\"wp-image-919\" srcset=\"https:\/\/i0.wp.com\/abramsmuehle.de\/wp-content\/uploads\/2020\/02\/Image-1-16-2.jpg?w=722&amp;ssl=1 722w, https:\/\/i0.wp.com\/abramsmuehle.de\/wp-content\/uploads\/2020\/02\/Image-1-16-2.jpg?resize=226%2C300&amp;ssl=1 226w, https:\/\/i0.wp.com\/abramsmuehle.de\/wp-content\/uploads\/2020\/02\/Image-1-16-2.jpg?resize=300%2C400&amp;ssl=1 300w, https:\/\/i0.wp.com\/abramsmuehle.de\/wp-content\/uploads\/2020\/02\/Image-1-16-2.jpg?resize=150%2C200&amp;ssl=1 150w\" sizes=\"auto, (max-width: 722px) 100vw, 722px\" \/><figcaption class=\"wp-element-caption\">FRANZ \n\nNutztier\/Service<\/figcaption><\/figure>\n\n\n\n<figure class=\"wp-block-image size-full\"><img data-recalc-dims=\"1\" loading=\"lazy\" decoding=\"async\" width=\"750\" height=\"658\" data-attachment-id=\"931\" data-permalink=\"https:\/\/abramsmuehle.de\/?attachment_id=931\" data-orig-file=\"https:\/\/i0.wp.com\/abramsmuehle.de\/wp-content\/uploads\/2020\/02\/Image-1-20-3.jpg?fit=960%2C842&amp;ssl=1\" data-orig-size=\"960,842\" data-comments-opened=\"1\" data-image-meta=\"{&quot;aperture&quot;:&quot;0&quot;,&quot;credit&quot;:&quot;&quot;,&quot;camera&quot;:&quot;&quot;,&quot;caption&quot;:&quot;&quot;,&quot;created_timestamp&quot;:&quot;0&quot;,&quot;copyright&quot;:&quot;&quot;,&quot;focal_length&quot;:&quot;0&quot;,&quot;iso&quot;:&quot;0&quot;,&quot;shutter_speed&quot;:&quot;0&quot;,&quot;title&quot;:&quot;&quot;,&quot;orientation&quot;:&quot;1&quot;}\" data-image-title=\"Image-1-20-3\" data-image-description=\"\" data-image-caption=\"&lt;p&gt;ANDREA B\u00fcro\/Verwaltung&lt;\/p&gt;\n\" data-medium-file=\"https:\/\/i0.wp.com\/abramsmuehle.de\/wp-content\/uploads\/2020\/02\/Image-1-20-3.jpg?fit=300%2C263&amp;ssl=1\" data-large-file=\"https:\/\/i0.wp.com\/abramsmuehle.de\/wp-content\/uploads\/2020\/02\/Image-1-20-3.jpg?fit=750%2C658&amp;ssl=1\" data-id=\"931\" src=\"https:\/\/i0.wp.com\/abramsmuehle.de\/wp-content\/uploads\/2020\/02\/Image-1-20-3.jpg?resize=750%2C658&#038;ssl=1\" alt=\"\" class=\"wp-image-931\" srcset=\"https:\/\/i0.wp.com\/abramsmuehle.de\/wp-content\/uploads\/2020\/02\/Image-1-20-3.jpg?w=960&amp;ssl=1 960w, https:\/\/i0.wp.com\/abramsmuehle.de\/wp-content\/uploads\/2020\/02\/Image-1-20-3.jpg?resize=300%2C263&amp;ssl=1 300w, https:\/\/i0.wp.com\/abramsmuehle.de\/wp-content\/uploads\/2020\/02\/Image-1-20-3.jpg?resize=768%2C674&amp;ssl=1 768w\" sizes=\"auto, (max-width: 750px) 100vw, 750px\" \/><figcaption class=\"wp-element-caption\">ANDREA B\u00fcro\/Verwaltung<\/figcaption><\/figure>\n<\/figure>\n<\/div><\/div>\n\n\n\n<p><\/p>\n\n\n\n<p><\/p>\n\n\n","protected":false},"excerpt":{"rendered":"<p>Wir sind das Abrams M\u00fchle Team. Vom Taubenz\u00fcchter \u00fcber Ern\u00e4hrungsberater und Pferdebesitzer alles dabei. (Keine Sorge, alle sind vom Fach und wissen meisten\u00b4s wovon sie sprechen&#8230;) Wir helfen gerne und werden Euch nach bestem Wissen und Gewissen beraten, anleiten und Auskunft erteilen \u00fcber fast alles was ihr wissen wollt! Sprecht uns einfach an! Gerne auch<a class=\"more-link\" href=\"https:\/\/abramsmuehle.de\/?page_id=676\"><span class=\"screen-reader-text\">&#8222;Team Abrams M\u00fchle&#8220;<\/span> weiterlesen<\/a><\/p>\n","protected":false},"author":174376882,"featured_media":0,"parent":0,"menu_order":0,"comment_status":"closed","ping_status":"closed","template":"","meta":{"_coblocks_attr":"","_coblocks_dimensions":"{\"coblocks-media-card-129104750749\":{\"padding\":{\"paddingTop\":null,\"paddingRight\":null,\"paddingBottom\":null,\"paddingLeft\":null,\"paddingTopTablet\":\"0vw\",\"paddingRightTablet\":\"0vw\",\"paddingBottomTablet\":\"0vw\",\"paddingLeftTablet\":\"0vw\",\"paddingTopMobile\":null,\"paddingRightMobile\":null,\"paddingBottomMobile\":null,\"paddingLeftMobile\":null}}}","_coblocks_responsive_height":"","_coblocks_accordion_ie_support":"","sfsi_plus_gutenberg_text_before_share":"","sfsi_plus_gutenberg_show_text_before_share":"","sfsi_plus_gutenberg_icon_type":"","sfsi_plus_gutenberg_icon_alignemt":"","sfsi_plus_gutenburg_max_per_row":"","advanced_seo_description":"","jetpack_seo_html_title":"","jetpack_seo_noindex":false,"jetpack_post_was_ever_published":false,"_joinchat":[],"footnotes":""},"class_list":["post-676","page","type-page","status-publish","hentry","entry"],"jetpack_likes_enabled":false,"jetpack_sharing_enabled":false,"jetpack_shortlink":"https:\/\/wp.me\/PbAD4a-aU","_links":{"self":[{"href":"https:\/\/abramsmuehle.de\/index.php?rest_route=\/wp\/v2\/pages\/676","targetHints":{"allow":["GET"]}}],"collection":[{"href":"https:\/\/abramsmuehle.de\/index.php?rest_route=\/wp\/v2\/pages"}],"about":[{"href":"https:\/\/abramsmuehle.de\/index.php?rest_route=\/wp\/v2\/types\/page"}],"author":[{"embeddable":true,"href":"https:\/\/abramsmuehle.de\/index.php?rest_route=\/wp\/v2\/users\/174376882"}],"replies":[{"embeddable":true,"href":"https:\/\/abramsmuehle.de\/index.php?rest_route=%2Fwp%2Fv2%2Fcomments&post=676"}],"version-history":[{"count":97,"href":"https:\/\/abramsmuehle.de\/index.php?rest_route=\/wp\/v2\/pages\/676\/revisions"}],"predecessor-version":[{"id":2135,"href":"https:\/\/abramsmuehle.de\/index.php?rest_route=\/wp\/v2\/pages\/676\/revisions\/2135"}],"wp:attachment":[{"href":"https:\/\/abramsmuehle.de\/index.php?rest_route=%2Fwp%2Fv2%2Fmedia&parent=676"}],"curies":[{"name":"wp","href":"https:\/\/api.w.org\/{rel}","templated":true}]}}