{"id":660,"date":"2020-02-13T10:16:47","date_gmt":"2020-02-13T09:16:47","guid":{"rendered":"https:\/\/abramsmuehle.de\/?page_id=660"},"modified":"2023-03-17T13:10:40","modified_gmt":"2023-03-17T12:10:40","slug":"basteln-deko","status":"publish","type":"page","link":"https:\/\/abramsmuehle.de\/?page_id=660","title":{"rendered":"Basteln \/ Deko"},"content":{"rendered":"\n<figure class=\"wp-block-gallery has-nested-images columns-default is-cropped wp-block-gallery-1 is-layout-flex wp-block-gallery-is-layout-flex\">\n<figure class=\"wp-block-image size-large\"><img data-recalc-dims=\"1\" loading=\"lazy\" decoding=\"async\" width=\"720\" height=\"960\" data-attachment-id=\"861\" data-permalink=\"https:\/\/abramsmuehle.de\/?attachment_id=861\" data-orig-file=\"https:\/\/i0.wp.com\/abramsmuehle.de\/wp-content\/uploads\/2020\/02\/IMG_0388.jpg?fit=720%2C960&amp;ssl=1\" data-orig-size=\"720,960\" data-comments-opened=\"1\" data-image-meta=\"{&quot;aperture&quot;:&quot;0&quot;,&quot;credit&quot;:&quot;&quot;,&quot;camera&quot;:&quot;&quot;,&quot;caption&quot;:&quot;&quot;,&quot;created_timestamp&quot;:&quot;1582805997&quot;,&quot;copyright&quot;:&quot;&quot;,&quot;focal_length&quot;:&quot;0&quot;,&quot;iso&quot;:&quot;0&quot;,&quot;shutter_speed&quot;:&quot;0&quot;,&quot;title&quot;:&quot;&quot;,&quot;orientation&quot;:&quot;1&quot;}\" data-image-title=\"IMG_0388\" data-image-description=\"\" data-image-caption=\"\" data-large-file=\"https:\/\/i0.wp.com\/abramsmuehle.de\/wp-content\/uploads\/2020\/02\/IMG_0388.jpg?fit=720%2C960&amp;ssl=1\" data-id=\"861\" src=\"https:\/\/i0.wp.com\/abramsmuehle.de\/wp-content\/uploads\/2020\/02\/IMG_0388.jpg?resize=720%2C960&#038;ssl=1\" alt=\"\" class=\"wp-image-861\" srcset=\"https:\/\/i0.wp.com\/abramsmuehle.de\/wp-content\/uploads\/2020\/02\/IMG_0388.jpg?w=720&amp;ssl=1 720w, https:\/\/i0.wp.com\/abramsmuehle.de\/wp-content\/uploads\/2020\/02\/IMG_0388.jpg?resize=225%2C300&amp;ssl=1 225w, https:\/\/i0.wp.com\/abramsmuehle.de\/wp-content\/uploads\/2020\/02\/IMG_0388.jpg?resize=600%2C800&amp;ssl=1 600w, https:\/\/i0.wp.com\/abramsmuehle.de\/wp-content\/uploads\/2020\/02\/IMG_0388.jpg?resize=300%2C400&amp;ssl=1 300w, https:\/\/i0.wp.com\/abramsmuehle.de\/wp-content\/uploads\/2020\/02\/IMG_0388.jpg?resize=150%2C200&amp;ssl=1 150w\" sizes=\"auto, (max-width: 720px) 100vw, 720px\" \/><\/figure>\n\n\n\n<figure class=\"wp-block-image size-large\"><img data-recalc-dims=\"1\" loading=\"lazy\" decoding=\"async\" width=\"720\" height=\"960\" data-attachment-id=\"862\" data-permalink=\"https:\/\/abramsmuehle.de\/?attachment_id=862\" data-orig-file=\"https:\/\/i0.wp.com\/abramsmuehle.de\/wp-content\/uploads\/2020\/02\/IMG_0387.jpg?fit=720%2C960&amp;ssl=1\" data-orig-size=\"720,960\" data-comments-opened=\"1\" data-image-meta=\"{&quot;aperture&quot;:&quot;0&quot;,&quot;credit&quot;:&quot;&quot;,&quot;camera&quot;:&quot;&quot;,&quot;caption&quot;:&quot;&quot;,&quot;created_timestamp&quot;:&quot;1582805972&quot;,&quot;copyright&quot;:&quot;&quot;,&quot;focal_length&quot;:&quot;0&quot;,&quot;iso&quot;:&quot;0&quot;,&quot;shutter_speed&quot;:&quot;0&quot;,&quot;title&quot;:&quot;&quot;,&quot;orientation&quot;:&quot;1&quot;}\" data-image-title=\"IMG_0387\" data-image-description=\"\" data-image-caption=\"\" data-large-file=\"https:\/\/i0.wp.com\/abramsmuehle.de\/wp-content\/uploads\/2020\/02\/IMG_0387.jpg?fit=720%2C960&amp;ssl=1\" data-id=\"862\" src=\"https:\/\/i0.wp.com\/abramsmuehle.de\/wp-content\/uploads\/2020\/02\/IMG_0387.jpg?resize=720%2C960&#038;ssl=1\" alt=\"\" class=\"wp-image-862\" srcset=\"https:\/\/i0.wp.com\/abramsmuehle.de\/wp-content\/uploads\/2020\/02\/IMG_0387.jpg?w=720&amp;ssl=1 720w, https:\/\/i0.wp.com\/abramsmuehle.de\/wp-content\/uploads\/2020\/02\/IMG_0387.jpg?resize=225%2C300&amp;ssl=1 225w, https:\/\/i0.wp.com\/abramsmuehle.de\/wp-content\/uploads\/2020\/02\/IMG_0387.jpg?resize=600%2C800&amp;ssl=1 600w, https:\/\/i0.wp.com\/abramsmuehle.de\/wp-content\/uploads\/2020\/02\/IMG_0387.jpg?resize=300%2C400&amp;ssl=1 300w, https:\/\/i0.wp.com\/abramsmuehle.de\/wp-content\/uploads\/2020\/02\/IMG_0387.jpg?resize=150%2C200&amp;ssl=1 150w\" sizes=\"auto, (max-width: 720px) 100vw, 720px\" \/><\/figure>\n\n\n\n<figure class=\"wp-block-image size-large\"><img data-recalc-dims=\"1\" loading=\"lazy\" decoding=\"async\" width=\"720\" height=\"960\" data-attachment-id=\"863\" data-permalink=\"https:\/\/abramsmuehle.de\/?attachment_id=863\" data-orig-file=\"https:\/\/i0.wp.com\/abramsmuehle.de\/wp-content\/uploads\/2020\/02\/IMG_0383.jpg?fit=720%2C960&amp;ssl=1\" data-orig-size=\"720,960\" data-comments-opened=\"1\" data-image-meta=\"{&quot;aperture&quot;:&quot;0&quot;,&quot;credit&quot;:&quot;&quot;,&quot;camera&quot;:&quot;&quot;,&quot;caption&quot;:&quot;&quot;,&quot;created_timestamp&quot;:&quot;1582805880&quot;,&quot;copyright&quot;:&quot;&quot;,&quot;focal_length&quot;:&quot;0&quot;,&quot;iso&quot;:&quot;0&quot;,&quot;shutter_speed&quot;:&quot;0&quot;,&quot;title&quot;:&quot;&quot;,&quot;orientation&quot;:&quot;1&quot;}\" data-image-title=\"IMG_0383\" data-image-description=\"\" data-image-caption=\"\" data-large-file=\"https:\/\/i0.wp.com\/abramsmuehle.de\/wp-content\/uploads\/2020\/02\/IMG_0383.jpg?fit=720%2C960&amp;ssl=1\" data-id=\"863\" src=\"https:\/\/i0.wp.com\/abramsmuehle.de\/wp-content\/uploads\/2020\/02\/IMG_0383.jpg?resize=720%2C960&#038;ssl=1\" alt=\"\" class=\"wp-image-863\" srcset=\"https:\/\/i0.wp.com\/abramsmuehle.de\/wp-content\/uploads\/2020\/02\/IMG_0383.jpg?w=720&amp;ssl=1 720w, https:\/\/i0.wp.com\/abramsmuehle.de\/wp-content\/uploads\/2020\/02\/IMG_0383.jpg?resize=225%2C300&amp;ssl=1 225w, https:\/\/i0.wp.com\/abramsmuehle.de\/wp-content\/uploads\/2020\/02\/IMG_0383.jpg?resize=600%2C800&amp;ssl=1 600w, https:\/\/i0.wp.com\/abramsmuehle.de\/wp-content\/uploads\/2020\/02\/IMG_0383.jpg?resize=300%2C400&amp;ssl=1 300w, https:\/\/i0.wp.com\/abramsmuehle.de\/wp-content\/uploads\/2020\/02\/IMG_0383.jpg?resize=150%2C200&amp;ssl=1 150w\" sizes=\"auto, (max-width: 720px) 100vw, 720px\" \/><\/figure>\n<\/figure>\n\n\n\n<p class=\"has-text-align-center\">Zubeh\u00f6r f\u00fcr verschiedene Basteltechniken (Perlen,  Window-Color, Servietten Technik, Kerzengestaltung, Kartengestaltung,  Porzellanmalerei, Schmuckherstellung) sowie Krepp, Pappen, Papier,  Kleber und Streumotive. Auch Taufkerzen k\u00f6nnt Ihr bei uns individuell und in liebevoller Handarbeit anfertigen lassen.<\/p>\n\n\n\n<p class=\"has-text-align-center\">Wir f\u00fchren eine liebevoll ausgesuchte Dekoabteilung. Abgestimmt auf  die verschiedenen Jahreszeiten und Anl\u00e4sse k\u00f6nnt Ihr Euch bei uns  inspirieren lassen&#8230; <\/p>\n\n\n\n<figure class=\"wp-block-image size-large is-resized is-style-default\"><img data-recalc-dims=\"1\" loading=\"lazy\" decoding=\"async\" data-attachment-id=\"489\" data-permalink=\"https:\/\/abramsmuehle.de\/?attachment_id=489\" data-orig-file=\"https:\/\/i0.wp.com\/abramsmuehle.de\/wp-content\/uploads\/2020\/02\/632226A0-E024-444D-8415-C60F4C7C9739.jpeg?fit=690%2C960&amp;ssl=1\" data-orig-size=\"690,960\" data-comments-opened=\"1\" data-image-meta=\"{&quot;aperture&quot;:&quot;0&quot;,&quot;credit&quot;:&quot;&quot;,&quot;camera&quot;:&quot;&quot;,&quot;caption&quot;:&quot;&quot;,&quot;created_timestamp&quot;:&quot;0&quot;,&quot;copyright&quot;:&quot;&quot;,&quot;focal_length&quot;:&quot;0&quot;,&quot;iso&quot;:&quot;0&quot;,&quot;shutter_speed&quot;:&quot;0&quot;,&quot;title&quot;:&quot;&quot;,&quot;orientation&quot;:&quot;1&quot;}\" data-image-title=\"632226A0-E024-444D-8415-C60F4C7C9739\" data-image-description=\"\" data-image-caption=\"\" data-large-file=\"https:\/\/i0.wp.com\/abramsmuehle.de\/wp-content\/uploads\/2020\/02\/632226A0-E024-444D-8415-C60F4C7C9739.jpeg?fit=690%2C960&amp;ssl=1\" src=\"https:\/\/i0.wp.com\/abramsmuehle.de\/wp-content\/uploads\/2020\/02\/632226A0-E024-444D-8415-C60F4C7C9739.jpeg?resize=345%2C480&#038;ssl=1\" alt=\"\" class=\"wp-image-489\" width=\"345\" height=\"480\" srcset=\"https:\/\/i0.wp.com\/abramsmuehle.de\/wp-content\/uploads\/2020\/02\/632226A0-E024-444D-8415-C60F4C7C9739.jpeg?w=690&amp;ssl=1 690w, https:\/\/i0.wp.com\/abramsmuehle.de\/wp-content\/uploads\/2020\/02\/632226A0-E024-444D-8415-C60F4C7C9739.jpeg?resize=216%2C300&amp;ssl=1 216w\" sizes=\"auto, (max-width: 345px) 100vw, 345px\" \/><\/figure>\n\n\n\n<p class=\"has-text-align-center\"><strong>Petra<\/strong> ist gelernte Floristin und gestaltet auch Tischdekoration f\u00fcr verschiedene Anl\u00e4sse! Au\u00dferdem bindet sie Palmstr\u00e4u\u00dfe.<\/p>\n\n\n\n<figure class=\"wp-block-image size-large is-resized is-style-default\"><img data-recalc-dims=\"1\" loading=\"lazy\" decoding=\"async\" data-attachment-id=\"974\" data-permalink=\"https:\/\/abramsmuehle.de\/?attachment_id=974\" data-orig-file=\"https:\/\/i0.wp.com\/abramsmuehle.de\/wp-content\/uploads\/2020\/03\/IMG_0584.jpg?fit=586%2C960&amp;ssl=1\" data-orig-size=\"586,960\" data-comments-opened=\"1\" data-image-meta=\"{&quot;aperture&quot;:&quot;0&quot;,&quot;credit&quot;:&quot;&quot;,&quot;camera&quot;:&quot;&quot;,&quot;caption&quot;:&quot;&quot;,&quot;created_timestamp&quot;:&quot;1583319503&quot;,&quot;copyright&quot;:&quot;&quot;,&quot;focal_length&quot;:&quot;0&quot;,&quot;iso&quot;:&quot;0&quot;,&quot;shutter_speed&quot;:&quot;0&quot;,&quot;title&quot;:&quot;&quot;,&quot;orientation&quot;:&quot;1&quot;}\" data-image-title=\"IMG_0584\" data-image-description=\"\" data-image-caption=\"\" data-large-file=\"https:\/\/i0.wp.com\/abramsmuehle.de\/wp-content\/uploads\/2020\/03\/IMG_0584.jpg?fit=586%2C960&amp;ssl=1\" src=\"https:\/\/i0.wp.com\/abramsmuehle.de\/wp-content\/uploads\/2020\/03\/IMG_0584.jpg?resize=345%2C480&#038;ssl=1\" alt=\"\" class=\"wp-image-974\" width=\"345\" height=\"480\"\/><\/figure>\n\n\n\n<p class=\"has-text-align-center\">Schon Ihre Ausbildung hat <strong>Sandra<\/strong> in der Abrams M\u00fchle Papenburg gemacht. Damit z\u00e4hlt sie zum Urgestein und kennt sich aus&#8230;<\/p>\n","protected":false},"excerpt":{"rendered":"<p>Zubeh\u00f6r f\u00fcr verschiedene Basteltechniken (Perlen, Window-Color, Servietten Technik, Kerzengestaltung, Kartengestaltung, Porzellanmalerei, Schmuckherstellung) sowie Krepp, Pappen, Papier, Kleber und Streumotive. Auch Taufkerzen k\u00f6nnt Ihr bei uns individuell und in liebevoller Handarbeit anfertigen lassen. Wir f\u00fchren eine liebevoll ausgesuchte Dekoabteilung. Abgestimmt auf die verschiedenen Jahreszeiten und Anl\u00e4sse k\u00f6nnt Ihr Euch bei uns inspirieren lassen&#8230; Petra ist gelernte<a class=\"more-link\" href=\"https:\/\/abramsmuehle.de\/?page_id=660\"><span class=\"screen-reader-text\">&#8222;Basteln \/ Deko&#8220;<\/span> weiterlesen<\/a><\/p>\n","protected":false},"author":174376882,"featured_media":0,"parent":0,"menu_order":0,"comment_status":"closed","ping_status":"closed","template":"","meta":{"_coblocks_attr":"","_coblocks_dimensions":"","_coblocks_responsive_height":"","_coblocks_accordion_ie_support":"","sfsi_plus_gutenberg_text_before_share":"","sfsi_plus_gutenberg_show_text_before_share":"","sfsi_plus_gutenberg_icon_type":"","sfsi_plus_gutenberg_icon_alignemt":"","sfsi_plus_gutenburg_max_per_row":"","advanced_seo_description":"","jetpack_seo_html_title":"","jetpack_seo_noindex":false,"_joinchat":[],"footnotes":""},"class_list":["post-660","page","type-page","status-publish","hentry","entry"],"jetpack_likes_enabled":false,"jetpack_sharing_enabled":false,"jetpack_shortlink":"https:\/\/wp.me\/PbAD4a-aE","_links":{"self":[{"href":"https:\/\/abramsmuehle.de\/index.php?rest_route=\/wp\/v2\/pages\/660","targetHints":{"allow":["GET"]}}],"collection":[{"href":"https:\/\/abramsmuehle.de\/index.php?rest_route=\/wp\/v2\/pages"}],"about":[{"href":"https:\/\/abramsmuehle.de\/index.php?rest_route=\/wp\/v2\/types\/page"}],"author":[{"embeddable":true,"href":"https:\/\/abramsmuehle.de\/index.php?rest_route=\/wp\/v2\/users\/174376882"}],"replies":[{"embeddable":true,"href":"https:\/\/abramsmuehle.de\/index.php?rest_route=%2Fwp%2Fv2%2Fcomments&post=660"}],"version-history":[{"count":5,"href":"https:\/\/abramsmuehle.de\/index.php?rest_route=\/wp\/v2\/pages\/660\/revisions"}],"predecessor-version":[{"id":1698,"href":"https:\/\/abramsmuehle.de\/index.php?rest_route=\/wp\/v2\/pages\/660\/revisions\/1698"}],"wp:attachment":[{"href":"https:\/\/abramsmuehle.de\/index.php?rest_route=%2Fwp%2Fv2%2Fmedia&parent=660"}],"curies":[{"name":"wp","href":"https:\/\/api.w.org\/{rel}","templated":true}]}}