{"id":356,"date":"2020-02-06T08:42:21","date_gmt":"2020-02-06T07:42:21","guid":{"rendered":"https:\/\/abramsmuehle.de\/?page_id=356"},"modified":"2025-07-22T20:24:35","modified_gmt":"2025-07-22T18:24:35","slug":"impressum","status":"publish","type":"page","link":"https:\/\/abramsmuehle.de\/?page_id=356","title":{"rendered":"Impressum"},"content":{"rendered":"\n<p class=\"has-text-align-center\">Verantwortlich f\u00fcr den Inhalt dieser Webseite:<\/p>\n\n\n\n<p class=\"has-text-align-center\">Petra D\u00fcselder<\/p>\n\n\n\n<p class=\"has-text-align-center\">D\u00fcselder Handelsgesellschaft UG Haftungsbeschr\u00e4nkt<\/p>\n\n\n\n<p class=\"has-text-align-center\">Inhaber: <\/p>\n\n\n\n<p class=\"has-text-align-center\">Petra D\u00fcselder<\/p>\n\n\n\n<div class=\"wp-block-group alignwide\"><div class=\"wp-block-group__inner-container is-layout-flow wp-block-group-is-layout-flow\">\n<p class=\"has-text-align-center\">Uml\u00e4nderwiek links 4a<\/p>\n\n\n\n<p class=\"has-text-align-center\">26871 Papenburg<\/p>\n<\/div><\/div>\n\n\n\n<p class=\"has-text-align-center\">Tel.: 04961 &#8211; 71158<\/p>\n\n\n\n<p class=\"has-text-align-center\">Fax: 04961 &#8211; 667783<\/p>\n\n\n\n<p class=\"has-text-align-center\">Ust. Id-Nr.: DE 262657808<\/p>\n\n\n\n<p class=\"has-text-align-center\">Steuernr.:60\/201\/200 51<\/p>\n\n\n\n<p class=\"has-text-align-center\">Amtsgericht Aurich<\/p>\n\n\n\n<p class=\"has-text-align-center\">HRB: 200 994<\/p>\n\n\n\n<p class=\"has-text-align-center\"><\/p>\n\n\n\n<h6 class=\"wp-block-heading has-text-align-center\">Haftungsausschluss (Disclaimer)<\/h6>\n\n\n\n<h6 class=\"wp-block-heading has-text-align-center\">Haftung f\u00fcr Inhalte<\/h6>\n\n\n\n<p class=\"has-text-align-center\">Die Inhalte unserer Seiten wurden mit gr\u00f6\u00dfter Sorgfalt erstellt. F\u00fcr die Richtigkeit, Vollst\u00e4ndigkeit und Aktualit\u00e4t der Inhalte k\u00f6nnen wir jedoch keine Gew\u00e4hr \u00fcbernehmen.<\/p>\n\n\n\n<p class=\"has-text-align-center\">Als Dienstanbieter sind wir gem\u00e4\u00df \u00a7 7 Abs. 1 TMG f\u00fcr eigene Inhalte auf diesen Seiten nach den allgemeinen Gesetzen verantwortlich. Nach \u00a7\u00a7 8 bis 10 TMG sind wir als Dienstanbieter jedoch nicht verpflichtet, \u00fcbermittelte oder gespeicherte fremde Informationen zu \u00fcberwachen oder nach Umst\u00e4nden zu forschen, die auf eine rechtswidrige T\u00e4tigkeit hinweisen. Verpflichtungen zur Entfernung oder Sperrung der Nutzung von Informationen nach den allgemeinen Gesetzen bleiben hiervon unber\u00fchrt. Eine diesbez\u00fcgliche Haftung ist jedoch erst ab dem Zeitpunkt der Kenntnis einer konkreten Rechtsverletzung m\u00f6glich. Bei bekannt werden von entsprechenden Rechtsverletzungen werden wir diese Inhalte umgehend entfernen.<\/p>\n\n\n\n<h6 class=\"wp-block-heading has-text-align-center\">Haftung f\u00fcr Links<\/h6>\n\n\n\n<p class=\"has-text-align-center\">Unser Angebot enth\u00e4lt Links zu externen Webseiten Dritter, auf deren Inhalte wir keinen Einfluss haben. Deshalb k\u00f6nnen wir f\u00fcr diese fremden Inhalte auch keine Gew\u00e4hr \u00fcbernehmen. F\u00fcr die Inhalte der verlinkten Seiten ist stets der jeweilige Anbieter oder Betreiber der Seiten verantwortlich. Die verlinkten Seiten wurden zum Zeitpunkt der Verlinkung auf m\u00f6gliche Rechtsverst\u00f6\u00dfe \u00fcberpr\u00fcft. Rechtswidrige Inhalte waren zum Zeitpunkt der Verlinkung nicht erkennbar. Eine permanente inhaltliche Kontrolle der verlinkten Seiten ist jedoch ohne konkrete Anhaltspunkte einer Rechtsverletzung nicht zumutbar. Bei Bekanntwerden von Rechtsverletzungen werden wir derartige Links umgehend entfernen.<\/p>\n\n\n\n<h6 class=\"wp-block-heading has-text-align-center\">Urheberrecht<\/h6>\n\n\n\n<p class=\"has-text-align-center\">Die durch die Seitenbetreiber erstellten Inhalte und Werke auf diesen Seiten unterliegen dem deutschen Urheberrecht. Die Vervielf\u00e4ltigung, Bearbeitung, Verbreitung und jede Art der Verwertung au\u00dferhalb der Grenzen des Urheberrechtes bed\u00fcrfen der schriftlichen Zustimmung des jeweiligen Autors bzw. Erstellers. Downloads und Kopien dieser Seite sind nur f\u00fcr den privaten, nicht kommerziellen Gebrauch gestattet. Soweit die Inhalte auf dieser Seite nicht vom Betreiber erstellt wurden, werden die Urheberrechte Dritter beachtet. Insbesondere werden Inhalte Dritter als solche gekennzeichnet. Sollten Sie trotzdem auf eine Urheberrechtsverletzung aufmerksam werden, bitten wir um einen entsprechenden Hinweis. Bei Bekanntwerden von Rechtsverletzungen werden wir derartige Inhalte umgehend entfernen.<\/p>\n","protected":false},"excerpt":{"rendered":"<p>Verantwortlich f\u00fcr den Inhalt dieser Webseite: Petra D\u00fcselder D\u00fcselder Handelsgesellschaft UG Haftungsbeschr\u00e4nkt Inhaber: Petra D\u00fcselder Uml\u00e4nderwiek links 4a 26871 Papenburg Tel.: 04961 &#8211; 71158 Fax: 04961 &#8211; 667783 Ust. Id-Nr.: DE 262657808 Steuernr.:60\/201\/200 51 Amtsgericht Aurich HRB: 200 994 Haftungsausschluss (Disclaimer) Haftung f\u00fcr Inhalte Die Inhalte unserer Seiten wurden mit gr\u00f6\u00dfter Sorgfalt erstellt. F\u00fcr die<a class=\"more-link\" href=\"https:\/\/abramsmuehle.de\/?page_id=356\"><span class=\"screen-reader-text\">&#8222;Impressum&#8220;<\/span> weiterlesen<\/a><\/p>\n","protected":false},"author":174376882,"featured_media":0,"parent":0,"menu_order":0,"comment_status":"closed","ping_status":"closed","template":"","meta":{"_coblocks_attr":"","_coblocks_dimensions":"","_coblocks_responsive_height":"","_coblocks_accordion_ie_support":"","sfsi_plus_gutenberg_text_before_share":"","sfsi_plus_gutenberg_show_text_before_share":"","sfsi_plus_gutenberg_icon_type":"","sfsi_plus_gutenberg_icon_alignemt":"","sfsi_plus_gutenburg_max_per_row":"","advanced_seo_description":"","jetpack_seo_html_title":"","jetpack_seo_noindex":false,"jetpack_post_was_ever_published":false,"_joinchat":[],"footnotes":""},"class_list":["post-356","page","type-page","status-publish","hentry","entry"],"jetpack_likes_enabled":false,"jetpack_sharing_enabled":false,"jetpack_shortlink":"https:\/\/wp.me\/PbAD4a-5K","_links":{"self":[{"href":"https:\/\/abramsmuehle.de\/index.php?rest_route=\/wp\/v2\/pages\/356","targetHints":{"allow":["GET"]}}],"collection":[{"href":"https:\/\/abramsmuehle.de\/index.php?rest_route=\/wp\/v2\/pages"}],"about":[{"href":"https:\/\/abramsmuehle.de\/index.php?rest_route=\/wp\/v2\/types\/page"}],"author":[{"embeddable":true,"href":"https:\/\/abramsmuehle.de\/index.php?rest_route=\/wp\/v2\/users\/174376882"}],"replies":[{"embeddable":true,"href":"https:\/\/abramsmuehle.de\/index.php?rest_route=%2Fwp%2Fv2%2Fcomments&post=356"}],"version-history":[{"count":5,"href":"https:\/\/abramsmuehle.de\/index.php?rest_route=\/wp\/v2\/pages\/356\/revisions"}],"predecessor-version":[{"id":2291,"href":"https:\/\/abramsmuehle.de\/index.php?rest_route=\/wp\/v2\/pages\/356\/revisions\/2291"}],"wp:attachment":[{"href":"https:\/\/abramsmuehle.de\/index.php?rest_route=%2Fwp%2Fv2%2Fmedia&parent=356"}],"curies":[{"name":"wp","href":"https:\/\/api.w.org\/{rel}","templated":true}]}}